

{"id":192,"date":"2018-06-01T12:29:28","date_gmt":"2018-06-01T12:29:28","guid":{"rendered":"http:\/\/www.baz-art.ch\/2018\/?page_id=192"},"modified":"2018-06-01T12:31:03","modified_gmt":"2018-06-01T12:31:03","slug":"ou","status":"publish","type":"page","link":"http:\/\/www.baz-art.ch\/2018\/?page_id=192","title":{"rendered":"O\u00f9?"},"content":{"rendered":"<p>Le festival Baz-Art a lieu \u00e0 la <strong>Rue Lissignol \u00e0 Gen\u00e8ve<\/strong> le weekend du <strong>16 et 17 Juin 2018<\/strong><\/p>\n<p><iframe loading=\"lazy\" src=\"https:\/\/www.google.com\/maps\/embed?pb=!1m18!1m12!1m3!1d1236.78549608256!2d6.143155335426647!3d46.207390299074476!2m3!1f0!2f0!3f0!3m2!1i1024!2i768!4f13.1!3m3!1m2!1s0x478c6527d75725a5%3A0x6e92fd30907fc272!2sRue+Lissignol%2C+1201+Gen%C3%A8ve%2C+Switzerland!5e1!3m2!1sen!2sbe!4v1527856240370\" width=\"600\" height=\"450\" frameborder=\"0\" style=\"border:0\" allowfullscreen><\/iframe><\/p>\n","protected":false},"excerpt":{"rendered":"<p>Le festival Baz-Art a lieu \u00e0 la Rue Lissignol \u00e0 Gen\u00e8ve le weekend du 16 et 17 Juin 2018<\/p>\n","protected":false},"author":1,"featured_media":0,"parent":0,"menu_order":0,"comment_status":"closed","ping_status":"closed","template":"","meta":[],"_links":{"self":[{"href":"http:\/\/www.baz-art.ch\/2018\/index.php?rest_route=\/wp\/v2\/pages\/192"}],"collection":[{"href":"http:\/\/www.baz-art.ch\/2018\/index.php?rest_route=\/wp\/v2\/pages"}],"about":[{"href":"http:\/\/www.baz-art.ch\/2018\/index.php?rest_route=\/wp\/v2\/types\/page"}],"author":[{"embeddable":true,"href":"http:\/\/www.baz-art.ch\/2018\/index.php?rest_route=\/wp\/v2\/users\/1"}],"replies":[{"embeddable":true,"href":"http:\/\/www.baz-art.ch\/2018\/index.php?rest_route=%2Fwp%2Fv2%2Fcomments&post=192"}],"version-history":[{"count":4,"href":"http:\/\/www.baz-art.ch\/2018\/index.php?rest_route=\/wp\/v2\/pages\/192\/revisions"}],"predecessor-version":[{"id":196,"href":"http:\/\/www.baz-art.ch\/2018\/index.php?rest_route=\/wp\/v2\/pages\/192\/revisions\/196"}],"wp:attachment":[{"href":"http:\/\/www.baz-art.ch\/2018\/index.php?rest_route=%2Fwp%2Fv2%2Fmedia&parent=192"}],"curies":[{"name":"wp","href":"https:\/\/api.w.org\/{rel}","templated":true}]}}

Où?

<p>Le festival Baz-Art a lieu à la <strong>Rue Lissignol à Genève</strong> le weekend du <strong>16 et 17 Juin 2018</strong></p>
<p><iframe loading="lazy" src="https://www.google.com/maps/embed?pb=!1m18!1m12!1m3!1d1236.78549608256!2d6.143155335426647!3d46.207390299074476!2m3!1f0!2f0!3f0!3m2!1i1024!2i768!4f13.1!3m3!1m2!1s0x478c6527d75725a5%3A0x6e92fd30907fc272!2sRue+Lissignol%2C+1201+Gen%C3%A8ve%2C+Switzerland!5e1!3m2!1sen!2sbe!4v1527856240370" width="600" height="450" frameborder="0" style="border:0" allowfullscreen></iframe></p>

<p>Le festival Baz-Art a lieu à la Rue Lissignol à Genève le weekend du 16 et 17 Juin 2018</p>
